10?
-221212102
In base 12, what is 70 - 1b9?
-149
In base 10, what is 48500 + 4?
48504
In base 9, what is -3 + 238431?
238427
In base 4, what is 3321 + 121?
10102
In base 12, what is -3 + 4444?
4441
In base 16, what is 1 + -75faf?
-75fae
In base 14, what is -25d1 + -9?
-25da
In base 13, what is -8272a + -3?
-82730
In base 7, what is 20 + -21300?
-21250
In base 3, what is 101 + 20010202?
20011010
In base 10, what is 9558 - 34?
9524
In base 6, what is 21405323 - 0?
21405323
In base 12, what is -7771 - 6?
-7777
In base 13, what is 56 - -2660?
26b6
In base 6, what is -323115200 - -4?
-323115152
In base 8, what is 1 - 702017?
-702016
In base 8, what is 4 - 602172?
-602166
In base 13, what is b + -cc8a?
-cc7c
In base 4, what is 0 - 2333201?
-2333201
In base 2, what is 11010010101011000001 + 11?
11010010101011000100
In base 5, what is -13320 - -10?
-13310
In base 14, what is 3 - 3d65?
-3d62
In base 15, what is -7 - 4d5e?
-4d66
In base 10, what is 42474 + -1?
42473
In base 7, what is 1320 + -503?
514
In base 15, what is 1e + -13c?
-11d
In base 14, what is -127 - 4bb?
-604
In base 11, what is -519 + -398?
-906
In base 16, what is -5 - 1b93e?
-1b943
In base 8, what is -32 - -5?
-25
In base 13, what is -2 - -6887?
6885
In base 3, what is 10 + -100112001?
-100111221
In base 12, what is -1 + 3810?
380b
In base 11, what is -29 + 3937?
3909
In base 4, what is 10313 - -2333302?
3010221
In base 2, what is -1111111 + 1101111111?
1100000000
In base 9, what is -5 + 155587?
155582
In base 10, what is -1 + 39?
38
In base 10, what is 356 + -230?
126
In base 7, what is -306445 - -4?
-306441
In base 2, what is -100 - -10101000011110?
10101000011010
In base 2, what is -11000111111 + 10110111001?
-10000110
In base 3, what is -10 - -122211?
122201
In base 11, what is 47a1 + 0?
47a1
In base 15, what is -5 + 39299?
39294
In base 5, what is -10 - -340?
330
In base 8, what is 135 + -1403?
-1246
In base 14, what is -1cb0 - 4?
-1cb4
In base 6, what is 122051 - 20?
122031
In base 2, what is 100011 - -1011110111110110?
1011111000011001
In base 15, what is -87 + -34?
-bb
In base 7, what is 454 - 211?
243
In base 15, what is -2 - -7615?
7613
In base 14, what is -8 + 9642?
9638
In base 13, what is 3 + -421a?
-4217
In base 11, what is -28 + -22a31?
-22a59
In base 14, what is 240 + 585?
7c5
In base 13, what is 4 + -4356?
-4352
In base 4, what is -10232211322 - -11?
-10232211311
In base 14, what is 647 + -17?
630
In base 13, what is -14 + 68c?
678
In base 9, what is -3 - -602008?
602005
In base 3, what is 1202012 + 1110?
1210122
In base 11, what is -26109 + -21?
-2612a
In base 7, what is 36 + 20465?
20534
In base 11, what is -24 + -243?
-267
In base 15, what is 27 - 346dd?
-346b6
In base 3, what is 1211021202 - -12?
1211021221
In base 16, what is -4 - -4193?
418f
In base 12, what is -194 + -278?
-450
In base 10, what is 5414884 + -4?
5414880
In base 9, what is 5160 - -4?
5164
In base 3, what is 0 - 212221110010?
-212221110010
In base 11, what is 877 - 433?
444
In base 5, what is -31 - -3023434?
3023403
In base 11, what is -825 + -3271?
-3a96
In base 7, what is 4 - 144533?
-144526
In base 15, what is 2 - -1b14b7?
1b14b9
In base 2, what is 100 + -11000101100111?
-11000101100011
In base 7, what is 262113 - -3?
262116
In base 2, what is 110 - 100111101111?
-100111101001
In base 4, what is 13202 + -31031?
-11223
In base 7, what is 420624 + 5?
420632
In base 2, what is 101010101000011110 - 101?
101010101000011001
In base 11, what is -71a0 + -29?
-7219
In base 6, what is 1 - -134031?
134032
In base 9, what is -47 - -5268?
5221
In base 14, what is 1762 + 7?
1769
In base 9, what is 1 + -40404?
-40403
In base 8, what is 175522 + -2?
175520
In base 9, what is 47 + -414?
-356
In base 7, what is -45 + -2005342?
-2005420
In base 8, what is 1 + -11701?
-11700
In base 14, what is c + 5378?
5386
In base 10, what is -139 + 10111?
9972
In base 8, what is -57566 - 4?
-57572
In base 3, what is 12 - 120100202021?
-120100202002
In base 15, what is 3 - -1aed?
1b01
In base 10, what is 2 - 108095?
-108093
In base 4, what is -103233100 - 3?
-103233103
In base 6, what is -305 + -4002?
-4311
In base 10, what is -2998 - -11?
-2987
In base 15, what is -7 - 329?
-331
In base 3, what is 0 - 100210021?
-100210021
In base 3, what is -20100102 + -1?
-20100110
In base 9, what is 10223 - 4?
10218
In base 2, what is 1010110101000011 + 110?
1010110101001001
In base 11, what is 5 + -12107?
-12102
In base 11, what is 11631 - 7?
11625
In base 16, what is e951 - -2?
e953
In base 8, what is -103 + -112?
-215
In base 9, what is -503 + 13410?
12806
In base 9, what is -48116 + -80?
-48206
In base 14, what is 86252 + -3?
8624d
In base 14, what is -c07 + 6?
-c01
In base 9, what is 7005 + -47?
6847
In base 10, what is 441 + -12?
429
In base 14, what is -3b + 1576?
1539
In base 15, what is 6480a - -4?
6480e
In base 15, what is -32c15b - -4?
-32c157
In base 14, what is -3 - 19055?
-19058
In base 12, what is -957bb - -2?
-957b9
In base 12, what is 4409b1 - 4?
4409a9
In base 8, what is 4 + 502645?
502651
In base 16, what is 9ff - 4?
9fb
In base 12, what is 10 + 7275?
7285
In base 15, what is -99 - 2b0?
-359
In base 13, what is 3210 + -24?
31b9
In base 4, what is 102 + 21200?
21302
In base 2, what is 1111100100111001 + -110?
1111100100110011
In base 11, what is -1638 - 424?
-1a61
In base 12, what is -83063 - 3?
-83066
In base 4, what is -33220300 - 10?
-33220310
In base 9, what is -40 - 151744?
-151784
In base 12, what is 146a + 1696?
2b44
In base 14, what is 9d - -8a?
149
In base 8, what is -20450 + 201?
-20247
In base 16, what is -60 - -c8?
68
In base 2, what is 1100011011010001111001 - 101?
1100011011010001110100
In base 8, what is -6205 + 33?
-6152
In base 3, what is 2110 + 122011?
201121
In base 8, what is -111 + 161?
50
In base 8, what is 10 - -311405?
311415
In base 4, what is -23 - -131120?
131031
In base 7, what is -5 - -40165?
40160
In base 14, what is -4 + -5127?
-512b
In base 14, what is 10 - -26c95?
26ca5
In base 6, what is 3 + -4415055?
-4415052
In base 2, what is -10001100 + 10001101?
1
In base 3, what is 1010200102 - 21?
1010200011
In base 10, what is 2 - 6171?
-6169
In base 16, what is -a4f5 - -1?
-a4f4
In base 3, what is -1020 + -101212102?
-101220122
In base 3, what is -20 + 112102200000?
112102122210
In base 14, what is -38366 - 3?
-38369
In base 6, what is 15 + -1423001?
-1422542
In base 9, what is 125535 - 0?
125535
In base 8, what is 356075 - 2?
356073
In base 4, what is 211130 + 10211?
222001
In base 11, what is -187960 - 3?
-187963
In base 13, what is -27 - -1220?
11c6
In base 14, what is 3843 + -1?
3842
In base 3, what is 2 + -2001000210010?
-2001000210001
In base 9, what is 11 - 46124?
-46113
In base 5, what is -120 + -2020?
-2140
In base 3, what is 10 + 12212102011?
12212102021
In base 3, what is -110210 - -210100211?
202220001
In base 4, what is -11 - 111311330?
-111312001
In base 9, what is 2 - -1732?
1734
In base 16, what is -ec + -312?
-3fe
In base 7, what is 12 - 6313?
-6301
In base 5, what is -10044 - 20?
-10114
In base 6, what is -4 + 1101321?
1101313
In base 7, what is 134 - 2434?
-2300
In base 2, what is 11 - -11110000100000?
11110000100011
In base 13, what is -2 + 43867?
43865
In base 8, what is -2 - 7400?
-7402
In base 8, what is 7 - 221102?
-221073
In base 10, what is 7 + 25328?
25335
In base 5, what is 142012 - -2403?
144420
In base 13, what is 57a2 - -71?
5843
In base 6, what is -31 + 4201451?
4201420
In base 14, what is -39 + 3735?
36da
In base 6, what is -2553245 + 3?
-2553242
In base 13, what is b05 - -c7?
bcc
In base 7, what is -10 + -431325?
-431335
In base 10, what is 5 + 2080?
2085
In base 2, what is 1100110011011 - -10?
1100110011101
In base 7, what is 0 + -101652?
-101652
In base 16, what is 124 + -116?
e
In base 2, what is 100010100 - -1001010?
101011110
In base 2, what is -100110100110 - -10000011?
-100100100011
In base 3, what is 112221 + -101?
112120
In base 16, what is 2 - -7c13e?
7c140
In base 3, what is 122 + 1211200?
1212022
In base 14, what is 554 - -178?
6cc
In base 5, what is 1024 + -120?
404
In base 4, what is 11 - -10310311?
10310322
In base 15, what is 7 + 8bc?
8c4
In base 13, what is -11774 + -7?
-1177b
In base 4, what is -12222211 + -11?
-12222222
In base 2, what is -1